{"id":338858,"date":"2024-10-23T00:00:00","date_gmt":"2024-10-23T03:00:00","guid":{"rendered":"https:\/\/retinaweb.net\/orquidario\/produto\/a07-pacote-de-7-melhores-mudas-de-vandas-escolhidas-pelo-orquidario-copia\/"},"modified":"2026-04-17T14:13:16","modified_gmt":"2026-04-17T17:13:16","slug":"a07-pacote-de-7-melhores-mudas-de-vandas-escolhidas-pelo-orquidario-copia","status":"publish","type":"product","link":"https:\/\/www.orquidariosantabarbara.com\/loja\/produto\/a07-pacote-de-7-melhores-mudas-de-vandas-escolhidas-pelo-orquidario-copia\/","title":{"rendered":"P_A08 &#8211; Pacote de 5 mudas de rhynchostylis de R$ 28,00 cada por R$ 25,00 cada"},"content":{"rendered":"<p><strong>Cole\u00e7\u00e3o de 5 rhynchostylis <\/strong><strong>\u00a0&#8211; mudas<\/strong>, escolhidas pelo orquid\u00e1rio.<\/p>\n<p>As plantas s\u00e3o enviadas em caixas de papel\u00e3o, bem acondicionadas e protegidas, identificadas individualmente, com ra\u00edzes nuas.<\/p>\n<p>Junto com as plantas, podem ser adquiridos vasos, substratos, ganchos de sustenta\u00e7\u00e3o, adubos, e outros produtos de orquidicultura, dispon\u00edveis nos grupos\u00a0<strong>\u201cVasos\u201d<\/strong>,\u00a0<strong>\u201cAdubos\u201d<\/strong>\u00a0e\u00a0<strong>\u201cOutros Materiais de Cultivo\u201d.<\/strong><\/p>\n<p>Sugerimos a leitura de\u00a0<strong>\u201cComo cultivar orqu\u00eddeas\u201d,<\/strong>\u00a0dispon\u00edvel no rodap\u00e9 do site.<\/p>\n","protected":false},"excerpt":{"rendered":"<p>Cole\u00e7\u00e3o de 5 rhynchostylis \u00a0&#8211; mudas, escolhidas pelo orquid\u00e1rio. As [&hellip;]<\/p>\n","protected":false},"featured_media":342967,"template":"","meta":{"_acf_changed":false},"product_brand":[],"product_cat":[943],"product_tag":[],"class_list":{"0":"post-338858","1":"product","2":"type-product","3":"status-publish","4":"has-post-thumbnail","6":"product_cat-promocoes","8":"first","9":"instock","10":"sale","11":"shipping-taxable","12":"purchasable","13":"product-type-variable","14":"has-default-attributes"},"acf":[],"yoast_head":"<!-- This site is optimized with the Yoast SEO plugin v27.3 - https:\/\/yoast.com\/product\/yoast-seo-wordpress\/ -->\n<title>P_A08 - Pacote de 5 mudas de rhynchostylis de R$ 28,00 cada por R$ 25,00 cada &#8211; Orquid\u00e1rio Santa B\u00e1rbara<\/title>\n<meta name=\"robots\" content=\"index, follow, max-snippet:-1, max-image-preview:large, max-video-preview:-1\" \/>\n<link rel=\"canonical\" href=\"https:\/\/www.orquidariosantabarbara.com\/loja\/produto\/a07-pacote-de-7-melhores-mudas-de-vandas-escolhidas-pelo-orquidario-copia\/\" \/>\n<meta property=\"og:locale\" content=\"pt_BR\" \/>\n<meta property=\"og:type\" content=\"article\" \/>\n<meta property=\"og:title\" content=\"P_A08 - Pacote de 5 mudas de rhynchostylis de R$ 28,00 cada por R$ 25,00 cada &#8211; Orquid\u00e1rio Santa B\u00e1rbara\" \/>\n<meta property=\"og:description\" content=\"Cole\u00e7\u00e3o de 5 rhynchostylis \u00a0&#8211; mudas, escolhidas pelo orquid\u00e1rio. As [&hellip;]\" \/>\n<meta property=\"og:url\" content=\"https:\/\/www.orquidariosantabarbara.com\/loja\/produto\/a07-pacote-de-7-melhores-mudas-de-vandas-escolhidas-pelo-orquidario-copia\/\" \/>\n<meta property=\"og:site_name\" content=\"Orquid\u00e1rio Santa B\u00e1rbara\" \/>\n<meta property=\"article:publisher\" content=\"http:\/\/www.facebook.com\/comover.arq\" \/>\n<meta property=\"article:modified_time\" content=\"2026-04-17T17:13:16+00:00\" \/>\n<meta property=\"og:image\" content=\"https:\/\/www.orquidariosantabarbara.com\/loja\/wp-content\/uploads\/2025\/02\/kit-rhy-2.jpg\" \/>\n\t<meta property=\"og:image:width\" content=\"425\" \/>\n\t<meta property=\"og:image:height\" content=\"640\" \/>\n\t<meta property=\"og:image:type\" content=\"image\/jpeg\" \/>\n<meta name=\"twitter:card\" content=\"summary_large_image\" \/>\n<meta name=\"twitter:label1\" content=\"Est. tempo de leitura\" \/>\n\t<meta name=\"twitter:data1\" content=\"1 minuto\" \/>\n<script type=\"application\/ld+json\" class=\"yoast-schema-graph\">{\"@context\":\"https:\\\/\\\/schema.org\",\"@graph\":[{\"@type\":\"WebPage\",\"@id\":\"https:\\\/\\\/www.orquidariosantabarbara.com\\\/loja\\\/produto\\\/a07-pacote-de-7-melhores-mudas-de-vandas-escolhidas-pelo-orquidario-copia\\\/\",\"url\":\"https:\\\/\\\/www.orquidariosantabarbara.com\\\/loja\\\/produto\\\/a07-pacote-de-7-melhores-mudas-de-vandas-escolhidas-pelo-orquidario-copia\\\/\",\"name\":\"P_A08 - Pacote de 5 mudas de rhynchostylis de R$ 28,00 cada por R$ 25,00 cada &#8211; Orquid\u00e1rio Santa B\u00e1rbara\",\"isPartOf\":{\"@id\":\"https:\\\/\\\/www.orquidariosantabarbara.com\\\/loja\\\/#website\"},\"primaryImageOfPage\":{\"@id\":\"https:\\\/\\\/www.orquidariosantabarbara.com\\\/loja\\\/produto\\\/a07-pacote-de-7-melhores-mudas-de-vandas-escolhidas-pelo-orquidario-copia\\\/#primaryimage\"},\"image\":{\"@id\":\"https:\\\/\\\/www.orquidariosantabarbara.com\\\/loja\\\/produto\\\/a07-pacote-de-7-melhores-mudas-de-vandas-escolhidas-pelo-orquidario-copia\\\/#primaryimage\"},\"thumbnailUrl\":\"https:\\\/\\\/www.orquidariosantabarbara.com\\\/loja\\\/wp-content\\\/uploads\\\/2025\\\/02\\\/kit-rhy-2.jpg\",\"datePublished\":\"2024-10-23T03:00:00+00:00\",\"dateModified\":\"2026-04-17T17:13:16+00:00\",\"breadcrumb\":{\"@id\":\"https:\\\/\\\/www.orquidariosantabarbara.com\\\/loja\\\/produto\\\/a07-pacote-de-7-melhores-mudas-de-vandas-escolhidas-pelo-orquidario-copia\\\/#breadcrumb\"},\"inLanguage\":\"pt-BR\",\"potentialAction\":[{\"@type\":\"ReadAction\",\"target\":[\"https:\\\/\\\/www.orquidariosantabarbara.com\\\/loja\\\/produto\\\/a07-pacote-de-7-melhores-mudas-de-vandas-escolhidas-pelo-orquidario-copia\\\/\"]}]},{\"@type\":\"ImageObject\",\"inLanguage\":\"pt-BR\",\"@id\":\"https:\\\/\\\/www.orquidariosantabarbara.com\\\/loja\\\/produto\\\/a07-pacote-de-7-melhores-mudas-de-vandas-escolhidas-pelo-orquidario-copia\\\/#primaryimage\",\"url\":\"https:\\\/\\\/www.orquidariosantabarbara.com\\\/loja\\\/wp-content\\\/uploads\\\/2025\\\/02\\\/kit-rhy-2.jpg\",\"contentUrl\":\"https:\\\/\\\/www.orquidariosantabarbara.com\\\/loja\\\/wp-content\\\/uploads\\\/2025\\\/02\\\/kit-rhy-2.jpg\",\"width\":425,\"height\":640},{\"@type\":\"BreadcrumbList\",\"@id\":\"https:\\\/\\\/www.orquidariosantabarbara.com\\\/loja\\\/produto\\\/a07-pacote-de-7-melhores-mudas-de-vandas-escolhidas-pelo-orquidario-copia\\\/#breadcrumb\",\"itemListElement\":[{\"@type\":\"ListItem\",\"position\":1,\"name\":\"In\u00edcio\",\"item\":\"https:\\\/\\\/www.orquidariosantabarbara.com\\\/loja\\\/\"},{\"@type\":\"ListItem\",\"position\":2,\"name\":\"P_A08 &#8211; Pacote de 5 mudas de rhynchostylis de R$ 28,00 cada por R$ 25,00 cada\"}]},{\"@type\":\"WebSite\",\"@id\":\"https:\\\/\\\/www.orquidariosantabarbara.com\\\/loja\\\/#website\",\"url\":\"https:\\\/\\\/www.orquidariosantabarbara.com\\\/loja\\\/\",\"name\":\"Orquid\u00e1rio Santa B\u00e1rbara\",\"description\":\"\",\"potentialAction\":[{\"@type\":\"SearchAction\",\"target\":{\"@type\":\"EntryPoint\",\"urlTemplate\":\"https:\\\/\\\/www.orquidariosantabarbara.com\\\/loja\\\/?s={search_term_string}\"},\"query-input\":{\"@type\":\"PropertyValueSpecification\",\"valueRequired\":true,\"valueName\":\"search_term_string\"}}],\"inLanguage\":\"pt-BR\"}]}<\/script>\n<!-- \/ Yoast SEO plugin. -->","yoast_head_json":{"title":"P_A08 - Pacote de 5 mudas de rhynchostylis de R$ 28,00 cada por R$ 25,00 cada &#8211; Orquid\u00e1rio Santa B\u00e1rbara","robots":{"index":"index","follow":"follow","max-snippet":"max-snippet:-1","max-image-preview":"max-image-preview:large","max-video-preview":"max-video-preview:-1"},"canonical":"https:\/\/www.orquidariosantabarbara.com\/loja\/produto\/a07-pacote-de-7-melhores-mudas-de-vandas-escolhidas-pelo-orquidario-copia\/","og_locale":"pt_BR","og_type":"article","og_title":"P_A08 - Pacote de 5 mudas de rhynchostylis de R$ 28,00 cada por R$ 25,00 cada &#8211; Orquid\u00e1rio Santa B\u00e1rbara","og_description":"Cole\u00e7\u00e3o de 5 rhynchostylis \u00a0&#8211; mudas, escolhidas pelo orquid\u00e1rio. As [&hellip;]","og_url":"https:\/\/www.orquidariosantabarbara.com\/loja\/produto\/a07-pacote-de-7-melhores-mudas-de-vandas-escolhidas-pelo-orquidario-copia\/","og_site_name":"Orquid\u00e1rio Santa B\u00e1rbara","article_publisher":"http:\/\/www.facebook.com\/comover.arq","article_modified_time":"2026-04-17T17:13:16+00:00","og_image":[{"width":425,"height":640,"url":"https:\/\/www.orquidariosantabarbara.com\/loja\/wp-content\/uploads\/2025\/02\/kit-rhy-2.jpg","type":"image\/jpeg"}],"twitter_card":"summary_large_image","twitter_misc":{"Est. tempo de leitura":"1 minuto"},"schema":{"@context":"https:\/\/schema.org","@graph":[{"@type":"WebPage","@id":"https:\/\/www.orquidariosantabarbara.com\/loja\/produto\/a07-pacote-de-7-melhores-mudas-de-vandas-escolhidas-pelo-orquidario-copia\/","url":"https:\/\/www.orquidariosantabarbara.com\/loja\/produto\/a07-pacote-de-7-melhores-mudas-de-vandas-escolhidas-pelo-orquidario-copia\/","name":"P_A08 - Pacote de 5 mudas de rhynchostylis de R$ 28,00 cada por R$ 25,00 cada &#8211; Orquid\u00e1rio Santa B\u00e1rbara","isPartOf":{"@id":"https:\/\/www.orquidariosantabarbara.com\/loja\/#website"},"primaryImageOfPage":{"@id":"https:\/\/www.orquidariosantabarbara.com\/loja\/produto\/a07-pacote-de-7-melhores-mudas-de-vandas-escolhidas-pelo-orquidario-copia\/#primaryimage"},"image":{"@id":"https:\/\/www.orquidariosantabarbara.com\/loja\/produto\/a07-pacote-de-7-melhores-mudas-de-vandas-escolhidas-pelo-orquidario-copia\/#primaryimage"},"thumbnailUrl":"https:\/\/www.orquidariosantabarbara.com\/loja\/wp-content\/uploads\/2025\/02\/kit-rhy-2.jpg","datePublished":"2024-10-23T03:00:00+00:00","dateModified":"2026-04-17T17:13:16+00:00","breadcrumb":{"@id":"https:\/\/www.orquidariosantabarbara.com\/loja\/produto\/a07-pacote-de-7-melhores-mudas-de-vandas-escolhidas-pelo-orquidario-copia\/#breadcrumb"},"inLanguage":"pt-BR","potentialAction":[{"@type":"ReadAction","target":["https:\/\/www.orquidariosantabarbara.com\/loja\/produto\/a07-pacote-de-7-melhores-mudas-de-vandas-escolhidas-pelo-orquidario-copia\/"]}]},{"@type":"ImageObject","inLanguage":"pt-BR","@id":"https:\/\/www.orquidariosantabarbara.com\/loja\/produto\/a07-pacote-de-7-melhores-mudas-de-vandas-escolhidas-pelo-orquidario-copia\/#primaryimage","url":"https:\/\/www.orquidariosantabarbara.com\/loja\/wp-content\/uploads\/2025\/02\/kit-rhy-2.jpg","contentUrl":"https:\/\/www.orquidariosantabarbara.com\/loja\/wp-content\/uploads\/2025\/02\/kit-rhy-2.jpg","width":425,"height":640},{"@type":"BreadcrumbList","@id":"https:\/\/www.orquidariosantabarbara.com\/loja\/produto\/a07-pacote-de-7-melhores-mudas-de-vandas-escolhidas-pelo-orquidario-copia\/#breadcrumb","itemListElement":[{"@type":"ListItem","position":1,"name":"In\u00edcio","item":"https:\/\/www.orquidariosantabarbara.com\/loja\/"},{"@type":"ListItem","position":2,"name":"P_A08 &#8211; Pacote de 5 mudas de rhynchostylis de R$ 28,00 cada por R$ 25,00 cada"}]},{"@type":"WebSite","@id":"https:\/\/www.orquidariosantabarbara.com\/loja\/#website","url":"https:\/\/www.orquidariosantabarbara.com\/loja\/","name":"Orquid\u00e1rio Santa B\u00e1rbara","description":"","potentialAction":[{"@type":"SearchAction","target":{"@type":"EntryPoint","urlTemplate":"https:\/\/www.orquidariosantabarbara.com\/loja\/?s={search_term_string}"},"query-input":{"@type":"PropertyValueSpecification","valueRequired":true,"valueName":"search_term_string"}}],"inLanguage":"pt-BR"}]}},"_links":{"self":[{"href":"https:\/\/www.orquidariosantabarbara.com\/loja\/wp-json\/wp\/v2\/product\/338858","targetHints":{"allow":["GET"]}}],"collection":[{"href":"https:\/\/www.orquidariosantabarbara.com\/loja\/wp-json\/wp\/v2\/product"}],"about":[{"href":"https:\/\/www.orquidariosantabarbara.com\/loja\/wp-json\/wp\/v2\/types\/product"}],"wp:featuredmedia":[{"embeddable":true,"href":"https:\/\/www.orquidariosantabarbara.com\/loja\/wp-json\/wp\/v2\/media\/342967"}],"wp:attachment":[{"href":"https:\/\/www.orquidariosantabarbara.com\/loja\/wp-json\/wp\/v2\/media?parent=338858"}],"wp:term":[{"taxonomy":"product_brand","embeddable":true,"href":"https:\/\/www.orquidariosantabarbara.com\/loja\/wp-json\/wp\/v2\/product_brand?post=338858"},{"taxonomy":"product_cat","embeddable":true,"href":"https:\/\/www.orquidariosantabarbara.com\/loja\/wp-json\/wp\/v2\/product_cat?post=338858"},{"taxonomy":"product_tag","embeddable":true,"href":"https:\/\/www.orquidariosantabarbara.com\/loja\/wp-json\/wp\/v2\/product_tag?post=338858"}],"curies":[{"name":"wp","href":"https:\/\/api.w.org\/{rel}","templated":true}]}}